{"id":11,"date":"2021-02-14T17:10:13","date_gmt":"2021-02-14T20:10:13","guid":{"rendered":"https:\/\/rosadosventos.art.br\/?page_id=11"},"modified":"2023-03-08T12:45:02","modified_gmt":"2023-03-08T15:45:02","slug":"quem-somos","status":"publish","type":"page","link":"https:\/\/rosadosventos.art.br\/?page_id=11","title":{"rendered":"Quem Somos"},"content":{"rendered":"\t\t<div data-elementor-type=\"wp-page\" data-elementor-id=\"11\" class=\"elementor elementor-11\">\n\t\t\t\t\t\t<section class=\"elementor-section elementor-top-section elementor-element elementor-element-42b8e5e8 elementor-section-height-full elementor-section-content-middle elementor-reverse-mobile elementor-section-stretched elementor-section-full_width elementor-section-height-default elementor-section-items-middle\" data-id=\"42b8e5e8\" data-element_type=\"section\" data-e-type=\"section\" data-settings=\"{&quot;background_background&quot;:&quot;classic&quot;,&quot;stretch_section&quot;:&quot;section-stretched&quot;}\">\n\t\t\t\t\t\t<div class=\"elementor-container elementor-column-gap-wide\">\n\t\t\t\t\t<div class=\"elementor-column elementor-col-100 elementor-top-column elementor-element elementor-element-422a8750\" data-id=\"422a8750\" data-element_type=\"column\" data-e-type=\"column\">\n\t\t\t<div class=\"elementor-widget-wrap elementor-element-populated\">\n\t\t\t\t\t\t<div class=\"elementor-element elementor-element-61abef08 elementor-widget elementor-widget-heading\" data-id=\"61abef08\" data-element_type=\"widget\" data-e-type=\"widget\" data-widget_type=\"heading.default\">\n\t\t\t\t<div class=\"elementor-widget-container\">\n\t\t\t\t\t<h2 class=\"elementor-heading-title elementor-size-large\"><br><br><br>quem somos<\/h2>\t\t\t\t<\/div>\n\t\t\t\t<\/div>\n\t\t\t\t\t<\/div>\n\t\t<\/div>\n\t\t\t\t\t<\/div>\n\t\t<\/section>\n\t\t\t\t<section class=\"elementor-section elementor-top-section elementor-element elementor-element-6b1441d4 elementor-section-full_width elementor-section-stretched elementor-section-height-min-height elementor-section-items-top elementor-section-height-default\" data-id=\"6b1441d4\" data-element_type=\"section\" data-e-type=\"section\" data-settings=\"{&quot;background_background&quot;:&quot;gradient&quot;,&quot;stretch_section&quot;:&quot;section-stretched&quot;}\">\n\t\t\t\t\t\t<div class=\"elementor-container elementor-column-gap-wide\">\n\t\t\t\t\t<div class=\"elementor-column elementor-col-100 elementor-top-column elementor-element elementor-element-4323ea22\" data-id=\"4323ea22\" data-element_type=\"column\" data-e-type=\"column\">\n\t\t\t<div class=\"elementor-widget-wrap elementor-element-populated\">\n\t\t\t\t\t\t<div class=\"elementor-element elementor-element-5693a9d6 elementor-widget elementor-widget-text-editor\" data-id=\"5693a9d6\" data-element_type=\"widget\" data-e-type=\"widget\" data-widget_type=\"text-editor.default\">\n\t\t\t\t<div class=\"elementor-widget-container\">\n\t\t\t\t\t\t\t\t\t<p>\u00a0 \u00a0 Somos um grupo de circo e teatro que escolheu as ruas e os espa\u00e7os alternativos para atuar. Nossa cria\u00e7\u00e3o c\u00eanica tem por base a viv\u00eancia nesses espa\u00e7os e o estudo do teatro de rua, do circo, da m\u00fasica e da comicidade popular. Em nossos espet\u00e1culos buscamos fundir esses elementos numa proposta c\u00eanica ousada e horizontal com p\u00fablico.<br \/>Em mais de duas d\u00e9cadas de atua\u00e7\u00e3o atingimos centenas de munic\u00edpios e diversos estados numa rica experi\u00eancia de circuito popular pelo Brasil.<br \/>Nosso repert\u00f3rio tem os seguintes trabalhos em circula\u00e7\u00e3o: \u201cHoje Tem Espet\u00e1culo\u201d (2001), \u201cSaltimbembe Mambembancos\u201d (2005), \u201cA Farsa do Advogado Pathelin\u201d (2009), Interven\u00e7\u00e3o c\u00eanica \u201cRabo de Foguete\u201d (2012), \u201cSuper Tosco\u201d (2016), \u201cFuzurufafa Bafafazuru\u201d (2018) e \u201cRuar\u201d (2020).<br \/>J\u00e1 participamos de diversos festivais pelo pais e recebemos dois importantes t\u00edtulos de reconhecimento e uma indica\u00e7\u00e3o: Pr\u00eamio Cooperativa Paulista de Teatro \u2013 \u201cMen\u00e7\u00e3o Honrosa pela Import\u00e2ncia e relev\u00e2ncia do trabalho desenvolvido no interior do Estado\u201d (2008) e \u201cMelhor espet\u00e1culo apresentando na rua\u201d (2010); Pr\u00eamio Governado do Estado \u2013 um dos tr\u00eas finalistas indicados na categoria \u201cCirco\u201d (2017).<\/p><p>O Grupo faz parte do Ponto de Cultura <a href=\"http:\/\/federacaoprudentinadeteatro.blogspot.com\/\">Galp\u00e3o da Lua<\/a>, Coletivo Cultural da cidade de Presidente Prudente SP atuante na constru\u00e7\u00e3o de circuitos culturais populares e democratiza\u00e7\u00e3o da Arte<\/p>\t\t\t\t\t\t\t\t<\/div>\n\t\t\t\t<\/div>\n\t\t\t\t<section class=\"elementor-section elementor-inner-section elementor-element elementor-element-188a401e elementor-section-boxed elementor-section-height-default elementor-section-height-default\" data-id=\"188a401e\" data-element_type=\"section\" data-e-type=\"section\">\n\t\t\t\t\t\t<div class=\"elementor-container elementor-column-gap-default\">\n\t\t\t\t\t<div class=\"elementor-column elementor-col-33 elementor-inner-column elementor-element elementor-element-463f60ea\" data-id=\"463f60ea\" data-element_type=\"column\" data-e-type=\"column\" data-settings=\"{&quot;background_background&quot;:&quot;classic&quot;}\">\n\t\t\t<div class=\"elementor-widget-wrap elementor-element-populated\">\n\t\t\t\t\t\t<div class=\"elementor-element elementor-element-39b7eca8 elementor-widget elementor-widget-testimonial\" data-id=\"39b7eca8\" data-element_type=\"widget\" data-e-type=\"widget\" data-widget_type=\"testimonial.default\">\n\t\t\t\t<div class=\"elementor-widget-container\">\n\t\t\t\t\t\t\t<div class=\"elementor-testimonial-wrapper\">\n\t\t\t\n\t\t\t\t\t\t<div class=\"elementor-testimonial-meta elementor-has-image elementor-testimonial-image-position-top\">\n\t\t\t\t<div class=\"elementor-testimonial-meta-inner\">\n\t\t\t\t\t\t\t\t\t\t\t<div class=\"elementor-testimonial-image\">\n\t\t\t\t\t\t\t<img decoding=\"async\" width=\"200\" height=\"200\" src=\"https:\/\/rosadosventos.art.br\/wp-content\/uploads\/2021\/02\/artistaderua.jpg\" class=\"attachment-full size-full wp-image-251\" alt=\"\" srcset=\"https:\/\/rosadosventos.art.br\/wp-content\/uploads\/2021\/02\/artistaderua.jpg 200w, https:\/\/rosadosventos.art.br\/wp-content\/uploads\/2021\/02\/artistaderua-150x150.jpg 150w\" sizes=\"(max-width: 200px) 100vw, 200px\" \/>\t\t\t\t\t\t<\/div>\n\t\t\t\t\t\n\t\t\t\t\t\t\t\t\t\t<div class=\"elementor-testimonial-details\">\n\t\t\t\t\t\t\t\t\t\t\t\t\t\t<div class=\"elementor-testimonial-name\">DEZ PRAS SETE<\/div>\n\t\t\t\t\t\t\t\t\t\t\t\t\t\t\t\t\t\t\t\t\t\t<div class=\"elementor-testimonial-job\">Fernando \u00c1vila\n<\/div>\n\t\t\t\t\t\t\t\t\t\t\t\t\t<\/div>\n\t\t\t\t\t\t\t\t\t<\/div>\n\t\t\t<\/div>\n\t\t\t\t\t<\/div>\n\t\t\t\t\t\t<\/div>\n\t\t\t\t<\/div>\n\t\t\t\t<div class=\"elementor-element elementor-element-8c97467 elementor-shape-circle elementor-grid-0 e-grid-align-center elementor-widget elementor-widget-social-icons\" data-id=\"8c97467\" data-element_type=\"widget\" data-e-type=\"widget\" data-widget_type=\"social-icons.default\">\n\t\t\t\t<div class=\"elementor-widget-container\">\n\t\t\t\t\t\t\t<div class=\"elementor-social-icons-wrapper elementor-grid\">\n\t\t\t\t\t\t\t<span class=\"elementor-grid-item\">\n\t\t\t\t\t<a class=\"elementor-icon elementor-social-icon elementor-social-icon-instagram elementor-animation-grow elementor-repeater-item-6000396\" href=\"http:\/\/instagram.com\/dez.prasete\" target=\"_blank\">\n\t\t\t\t\t\t<span class=\"elementor-screen-only\">Instagram<\/span>\n\t\t\t\t\t\t<i aria-hidden=\"true\" class=\"fab fa-instagram\"><\/i>\t\t\t\t\t<\/a>\n\t\t\t\t<\/span>\n\t\t\t\t\t<\/div>\n\t\t\t\t\t\t<\/div>\n\t\t\t\t<\/div>\n\t\t\t\t\t<\/div>\n\t\t<\/div>\n\t\t\t\t<div class=\"elementor-column elementor-col-33 elementor-inner-column elementor-element elementor-element-5fdfee1b\" data-id=\"5fdfee1b\" data-element_type=\"column\" data-e-type=\"column\" data-settings=\"{&quot;background_background&quot;:&quot;classic&quot;}\">\n\t\t\t<div class=\"elementor-widget-wrap elementor-element-populated\">\n\t\t\t\t\t\t<div class=\"elementor-element elementor-element-4b7ddec8 elementor-widget elementor-widget-testimonial\" data-id=\"4b7ddec8\" data-element_type=\"widget\" data-e-type=\"widget\" data-widget_type=\"testimonial.default\">\n\t\t\t\t<div class=\"elementor-widget-container\">\n\t\t\t\t\t\t\t<div class=\"elementor-testimonial-wrapper\">\n\t\t\t\n\t\t\t\t\t\t<div class=\"elementor-testimonial-meta elementor-has-image elementor-testimonial-image-position-top\">\n\t\t\t\t<div class=\"elementor-testimonial-meta-inner\">\n\t\t\t\t\t\t\t\t\t\t\t<div class=\"elementor-testimonial-image\">\n\t\t\t\t\t\t\t<img fetchpriority=\"high\" decoding=\"async\" width=\"574\" height=\"574\" src=\"https:\/\/rosadosventos.art.br\/wp-content\/uploads\/2021\/02\/tiago.jpg\" class=\"attachment-full size-full wp-image-252\" alt=\"\" srcset=\"https:\/\/rosadosventos.art.br\/wp-content\/uploads\/2021\/02\/tiago.jpg 574w, https:\/\/rosadosventos.art.br\/wp-content\/uploads\/2021\/02\/tiago-300x300.jpg 300w, https:\/\/rosadosventos.art.br\/wp-content\/uploads\/2021\/02\/tiago-150x150.jpg 150w\" sizes=\"(max-width: 574px) 100vw, 574px\" \/>\t\t\t\t\t\t<\/div>\n\t\t\t\t\t\n\t\t\t\t\t\t\t\t\t\t<div class=\"elementor-testimonial-details\">\n\t\t\t\t\t\t\t\t\t\t\t\t\t\t<div class=\"elementor-testimonial-name\">CUSTIP\u00cdL DE PINOTI<\/div>\n\t\t\t\t\t\t\t\t\t\t\t\t\t\t\t\t\t\t\t\t\t\t<div class=\"elementor-testimonial-job\">Tiago Munhoz<\/div>\n\t\t\t\t\t\t\t\t\t\t\t\t\t<\/div>\n\t\t\t\t\t\t\t\t\t<\/div>\n\t\t\t<\/div>\n\t\t\t\t\t<\/div>\n\t\t\t\t\t\t<\/div>\n\t\t\t\t<\/div>\n\t\t\t\t<div class=\"elementor-element elementor-element-1ba65e2 elementor-shape-circle elementor-grid-0 e-grid-align-center elementor-widget elementor-widget-social-icons\" data-id=\"1ba65e2\" data-element_type=\"widget\" data-e-type=\"widget\" data-widget_type=\"social-icons.default\">\n\t\t\t\t<div class=\"elementor-widget-container\">\n\t\t\t\t\t\t\t<div class=\"elementor-social-icons-wrapper elementor-grid\">\n\t\t\t\t\t\t\t<span class=\"elementor-grid-item\">\n\t\t\t\t\t<a class=\"elementor-icon elementor-social-icon elementor-social-icon-instagram elementor-animation-grow elementor-repeater-item-6000396\" href=\"http:\/\/instagram.com\/tiago.munhozz\" target=\"_blank\">\n\t\t\t\t\t\t<span class=\"elementor-screen-only\">Instagram<\/span>\n\t\t\t\t\t\t<i aria-hidden=\"true\" class=\"fab fa-instagram\"><\/i>\t\t\t\t\t<\/a>\n\t\t\t\t<\/span>\n\t\t\t\t\t<\/div>\n\t\t\t\t\t\t<\/div>\n\t\t\t\t<\/div>\n\t\t\t\t\t<\/div>\n\t\t<\/div>\n\t\t\t\t<div class=\"elementor-column elementor-col-33 elementor-inner-column elementor-element elementor-element-21284d94\" data-id=\"21284d94\" data-element_type=\"column\" data-e-type=\"column\" data-settings=\"{&quot;background_background&quot;:&quot;classic&quot;}\">\n\t\t\t<div class=\"elementor-widget-wrap elementor-element-populated\">\n\t\t\t\t\t\t<div class=\"elementor-element elementor-element-3e7c083f elementor-widget elementor-widget-testimonial\" data-id=\"3e7c083f\" data-element_type=\"widget\" data-e-type=\"widget\" data-widget_type=\"testimonial.default\">\n\t\t\t\t<div class=\"elementor-widget-container\">\n\t\t\t\t\t\t\t<div class=\"elementor-testimonial-wrapper\">\n\t\t\t\t\t\t\t<div class=\"elementor-testimonial-content\">\n<\/div>\n\t\t\t\n\t\t\t\t\t\t<div class=\"elementor-testimonial-meta elementor-has-image elementor-testimonial-image-position-top\">\n\t\t\t\t<div class=\"elementor-testimonial-meta-inner\">\n\t\t\t\t\t\t\t\t\t\t\t<div class=\"elementor-testimonial-image\">\n\t\t\t\t\t\t\t<img decoding=\"async\" width=\"373\" height=\"390\" src=\"https:\/\/rosadosventos.art.br\/wp-content\/uploads\/2021\/02\/prefeito-e1613774746562.jpg\" class=\"attachment-full size-full wp-image-253\" alt=\"\" srcset=\"https:\/\/rosadosventos.art.br\/wp-content\/uploads\/2021\/02\/prefeito-e1613774746562.jpg 373w, https:\/\/rosadosventos.art.br\/wp-content\/uploads\/2021\/02\/prefeito-e1613774746562-287x300.jpg 287w\" sizes=\"(max-width: 373px) 100vw, 373px\" \/>\t\t\t\t\t\t<\/div>\n\t\t\t\t\t\n\t\t\t\t\t\t\t\t\t\t<div class=\"elementor-testimonial-details\">\n\t\t\t\t\t\t\t\t\t\t\t\t\t\t<div class=\"elementor-testimonial-name\">SEU LAVANCO<\/div>\n\t\t\t\t\t\t\t\t\t\t\t\t\t\t\t\t\t\t\t\t\t\t<div class=\"elementor-testimonial-job\">Luiz Valente<\/div>\n\t\t\t\t\t\t\t\t\t\t\t\t\t<\/div>\n\t\t\t\t\t\t\t\t\t<\/div>\n\t\t\t<\/div>\n\t\t\t\t\t<\/div>\n\t\t\t\t\t\t<\/div>\n\t\t\t\t<\/div>\n\t\t\t\t<div class=\"elementor-element elementor-element-f5610be elementor-shape-circle elementor-grid-0 e-grid-align-center elementor-widget elementor-widget-social-icons\" data-id=\"f5610be\" data-element_type=\"widget\" data-e-type=\"widget\" data-widget_type=\"social-icons.default\">\n\t\t\t\t<div class=\"elementor-widget-container\">\n\t\t\t\t\t\t\t<div class=\"elementor-social-icons-wrapper elementor-grid\">\n\t\t\t\t\t\t\t<span class=\"elementor-grid-item\">\n\t\t\t\t\t<a class=\"elementor-icon elementor-social-icon elementor-social-icon-instagram elementor-animation-grow elementor-repeater-item-6000396\" href=\"http:\/\/instagram.com\/lp.valente\" target=\"_blank\">\n\t\t\t\t\t\t<span class=\"elementor-screen-only\">Instagram<\/span>\n\t\t\t\t\t\t<i aria-hidden=\"true\" class=\"fab fa-instagram\"><\/i>\t\t\t\t\t<\/a>\n\t\t\t\t<\/span>\n\t\t\t\t\t<\/div>\n\t\t\t\t\t\t<\/div>\n\t\t\t\t<\/div>\n\t\t\t\t\t<\/div>\n\t\t<\/div>\n\t\t\t\t\t<\/div>\n\t\t<\/section>\n\t\t\t\t\t<\/div>\n\t\t<\/div>\n\t\t\t\t\t<\/div>\n\t\t<\/section>\n\t\t\t\t<\/div>\n\t\t","protected":false},"excerpt":{"rendered":"<p>quem somos \u00a0 \u00a0 Somos um grupo de circo e teatro que escolheu as ruas e os espa\u00e7os alternativos para atuar. Nossa cria\u00e7\u00e3o c\u00eanica tem por base a viv\u00eancia nesses espa\u00e7os e o estudo do teatro de rua, do circo, da m\u00fasica e da comicidade popular. Em nossos espet\u00e1culos buscamos fundir esses elementos numa proposta [&hellip;]<\/p>\n","protected":false},"author":1,"featured_media":0,"parent":0,"menu_order":0,"comment_status":"closed","ping_status":"closed","template":"","meta":{"_eb_attr":"","ocean_post_layout":"","ocean_both_sidebars_style":"","ocean_both_sidebars_content_width":0,"ocean_both_sidebars_sidebars_width":0,"ocean_sidebar":"","ocean_second_sidebar":"","ocean_disable_margins":"enable","ocean_add_body_class":"","ocean_shortcode_before_top_bar":"","ocean_shortcode_after_top_bar":"","ocean_shortcode_before_header":"","ocean_shortcode_after_header":"","ocean_has_shortcode":"","ocean_shortcode_after_title":"","ocean_shortcode_before_footer_widgets":"","ocean_shortcode_after_footer_widgets":"","ocean_shortcode_before_footer_bottom":"","ocean_shortcode_after_footer_bottom":"","ocean_display_top_bar":"default","ocean_display_header":"default","ocean_header_style":"","ocean_center_header_left_menu":"","ocean_custom_header_template":"","ocean_custom_logo":0,"ocean_custom_retina_logo":0,"ocean_custom_logo_max_width":0,"ocean_custom_logo_tablet_max_width":0,"ocean_custom_logo_mobile_max_width":0,"ocean_custom_logo_max_height":0,"ocean_custom_logo_tablet_max_height":0,"ocean_custom_logo_mobile_max_height":0,"ocean_header_custom_menu":"","ocean_menu_typo_font_family":"","ocean_menu_typo_font_subset":"","ocean_menu_typo_font_size":0,"ocean_menu_typo_font_size_tablet":0,"ocean_menu_typo_font_size_mobile":0,"ocean_menu_typo_font_size_unit":"px","ocean_menu_typo_font_weight":"","ocean_menu_typo_font_weight_tablet":"","ocean_menu_typo_font_weight_mobile":"","ocean_menu_typo_transform":"","ocean_menu_typo_transform_tablet":"","ocean_menu_typo_transform_mobile":"","ocean_menu_typo_line_height":0,"ocean_menu_typo_line_height_tablet":0,"ocean_menu_typo_line_height_mobile":0,"ocean_menu_typo_line_height_unit":"","ocean_menu_typo_spacing":0,"ocean_menu_typo_spacing_tablet":0,"ocean_menu_typo_spacing_mobile":0,"ocean_menu_typo_spacing_unit":"","ocean_menu_link_color":"","ocean_menu_link_color_hover":"","ocean_menu_link_color_active":"","ocean_menu_link_background":"","ocean_menu_link_hover_background":"","ocean_menu_link_active_background":"","ocean_menu_social_links_bg":"","ocean_menu_social_hover_links_bg":"","ocean_menu_social_links_color":"","ocean_menu_social_hover_links_color":"","ocean_disable_title":"default","ocean_disable_heading":"default","ocean_post_title":"","ocean_post_subheading":"","ocean_post_title_style":"","ocean_post_title_background_color":"","ocean_post_title_background":0,"ocean_post_title_bg_image_position":"","ocean_post_title_bg_image_attachment":"","ocean_post_title_bg_image_repeat":"","ocean_post_title_bg_image_size":"","ocean_post_title_height":0,"ocean_post_title_bg_overlay":0.5,"ocean_post_title_bg_overlay_color":"","ocean_disable_breadcrumbs":"default","ocean_breadcrumbs_color":"","ocean_breadcrumbs_separator_color":"","ocean_breadcrumbs_links_color":"","ocean_breadcrumbs_links_hover_color":"","ocean_display_footer_widgets":"default","ocean_display_footer_bottom":"default","ocean_custom_footer_template":"","footnotes":""},"class_list":["post-11","page","type-page","status-publish","hentry","entry"],"yoast_head":"<!-- This site is optimized with the Yoast SEO plugin v27.3 - https:\/\/yoast.com\/product\/yoast-seo-wordpress\/ -->\n<title>Quem Somos - Rosa dos Ventos<\/title>\n<meta name=\"robots\" content=\"index, follow, max-snippet:-1, max-image-preview:large, max-video-preview:-1\" \/>\n<link rel=\"canonical\" href=\"https:\/\/rosadosventos.art.br\/?page_id=11\" \/>\n<meta property=\"og:locale\" content=\"pt_BR\" \/>\n<meta property=\"og:type\" content=\"article\" \/>\n<meta property=\"og:title\" content=\"Quem Somos - Rosa dos Ventos\" \/>\n<meta property=\"og:description\" content=\"quem somos \u00a0 \u00a0 Somos um grupo de circo e teatro que escolheu as ruas e os espa\u00e7os alternativos para atuar. Nossa cria\u00e7\u00e3o c\u00eanica tem por base a viv\u00eancia nesses espa\u00e7os e o estudo do teatro de rua, do circo, da m\u00fasica e da comicidade popular. Em nossos espet\u00e1culos buscamos fundir esses elementos numa proposta [&hellip;]\" \/>\n<meta property=\"og:url\" content=\"https:\/\/rosadosventos.art.br\/?page_id=11\" \/>\n<meta property=\"og:site_name\" content=\"Rosa dos Ventos\" \/>\n<meta property=\"article:publisher\" content=\"https:\/\/www.facebook.com\/gruporosadosventos\" \/>\n<meta property=\"article:modified_time\" content=\"2023-03-08T15:45:02+00:00\" \/>\n<meta property=\"og:image\" content=\"https:\/\/rosadosventos.art.br\/wp-content\/uploads\/2021\/02\/artistaderua.jpg\" \/>\n<meta name=\"twitter:card\" content=\"summary_large_image\" \/>\n<meta name=\"twitter:label1\" content=\"Est. tempo de leitura\" \/>\n\t<meta name=\"twitter:data1\" content=\"2 minutos\" \/>\n<script type=\"application\/ld+json\" class=\"yoast-schema-graph\">{\"@context\":\"https:\\\/\\\/schema.org\",\"@graph\":[{\"@type\":\"WebPage\",\"@id\":\"https:\\\/\\\/rosadosventos.art.br\\\/?page_id=11\",\"url\":\"https:\\\/\\\/rosadosventos.art.br\\\/?page_id=11\",\"name\":\"Quem Somos - Rosa dos Ventos\",\"isPartOf\":{\"@id\":\"https:\\\/\\\/rosadosventos.art.br\\\/#website\"},\"primaryImageOfPage\":{\"@id\":\"https:\\\/\\\/rosadosventos.art.br\\\/?page_id=11#primaryimage\"},\"image\":{\"@id\":\"https:\\\/\\\/rosadosventos.art.br\\\/?page_id=11#primaryimage\"},\"thumbnailUrl\":\"https:\\\/\\\/rosadosventos.art.br\\\/wp-content\\\/uploads\\\/2021\\\/02\\\/artistaderua.jpg\",\"datePublished\":\"2021-02-14T20:10:13+00:00\",\"dateModified\":\"2023-03-08T15:45:02+00:00\",\"breadcrumb\":{\"@id\":\"https:\\\/\\\/rosadosventos.art.br\\\/?page_id=11#breadcrumb\"},\"inLanguage\":\"pt-BR\",\"potentialAction\":[{\"@type\":\"ReadAction\",\"target\":[\"https:\\\/\\\/rosadosventos.art.br\\\/?page_id=11\"]}]},{\"@type\":\"ImageObject\",\"inLanguage\":\"pt-BR\",\"@id\":\"https:\\\/\\\/rosadosventos.art.br\\\/?page_id=11#primaryimage\",\"url\":\"https:\\\/\\\/rosadosventos.art.br\\\/wp-content\\\/uploads\\\/2021\\\/02\\\/artistaderua.jpg\",\"contentUrl\":\"https:\\\/\\\/rosadosventos.art.br\\\/wp-content\\\/uploads\\\/2021\\\/02\\\/artistaderua.jpg\",\"width\":200,\"height\":200},{\"@type\":\"BreadcrumbList\",\"@id\":\"https:\\\/\\\/rosadosventos.art.br\\\/?page_id=11#breadcrumb\",\"itemListElement\":[{\"@type\":\"ListItem\",\"position\":1,\"name\":\"In\u00edcio\",\"item\":\"https:\\\/\\\/rosadosventos.art.br\\\/\"},{\"@type\":\"ListItem\",\"position\":2,\"name\":\"Quem Somos\"}]},{\"@type\":\"WebSite\",\"@id\":\"https:\\\/\\\/rosadosventos.art.br\\\/#website\",\"url\":\"https:\\\/\\\/rosadosventos.art.br\\\/\",\"name\":\"Rosa dos Ventos\",\"description\":\"Grupo de Circo e Teatro de Rua\",\"publisher\":{\"@id\":\"https:\\\/\\\/rosadosventos.art.br\\\/#organization\"},\"potentialAction\":[{\"@type\":\"SearchAction\",\"target\":{\"@type\":\"EntryPoint\",\"urlTemplate\":\"https:\\\/\\\/rosadosventos.art.br\\\/?s={search_term_string}\"},\"query-input\":{\"@type\":\"PropertyValueSpecification\",\"valueRequired\":true,\"valueName\":\"search_term_string\"}}],\"inLanguage\":\"pt-BR\"},{\"@type\":\"Organization\",\"@id\":\"https:\\\/\\\/rosadosventos.art.br\\\/#organization\",\"name\":\"Rosa dos Ventos\",\"url\":\"https:\\\/\\\/rosadosventos.art.br\\\/\",\"logo\":{\"@type\":\"ImageObject\",\"inLanguage\":\"pt-BR\",\"@id\":\"https:\\\/\\\/rosadosventos.art.br\\\/#\\\/schema\\\/logo\\\/image\\\/\",\"url\":\"https:\\\/\\\/rosadosventos.art.br\\\/wp-content\\\/uploads\\\/2021\\\/02\\\/rosa-dos-ventos-circo.png\",\"contentUrl\":\"https:\\\/\\\/rosadosventos.art.br\\\/wp-content\\\/uploads\\\/2021\\\/02\\\/rosa-dos-ventos-circo.png\",\"width\":2256,\"height\":2290,\"caption\":\"Rosa dos Ventos\"},\"image\":{\"@id\":\"https:\\\/\\\/rosadosventos.art.br\\\/#\\\/schema\\\/logo\\\/image\\\/\"},\"sameAs\":[\"https:\\\/\\\/www.facebook.com\\\/gruporosadosventos\"]}]}<\/script>\n<!-- \/ Yoast SEO plugin. -->","yoast_head_json":{"title":"Quem Somos - Rosa dos Ventos","robots":{"index":"index","follow":"follow","max-snippet":"max-snippet:-1","max-image-preview":"max-image-preview:large","max-video-preview":"max-video-preview:-1"},"canonical":"https:\/\/rosadosventos.art.br\/?page_id=11","og_locale":"pt_BR","og_type":"article","og_title":"Quem Somos - Rosa dos Ventos","og_description":"quem somos \u00a0 \u00a0 Somos um grupo de circo e teatro que escolheu as ruas e os espa\u00e7os alternativos para atuar. Nossa cria\u00e7\u00e3o c\u00eanica tem por base a viv\u00eancia nesses espa\u00e7os e o estudo do teatro de rua, do circo, da m\u00fasica e da comicidade popular. Em nossos espet\u00e1culos buscamos fundir esses elementos numa proposta [&hellip;]","og_url":"https:\/\/rosadosventos.art.br\/?page_id=11","og_site_name":"Rosa dos Ventos","article_publisher":"https:\/\/www.facebook.com\/gruporosadosventos","article_modified_time":"2023-03-08T15:45:02+00:00","og_image":[{"url":"https:\/\/rosadosventos.art.br\/wp-content\/uploads\/2021\/02\/artistaderua.jpg","type":"","width":"","height":""}],"twitter_card":"summary_large_image","twitter_misc":{"Est. tempo de leitura":"2 minutos"},"schema":{"@context":"https:\/\/schema.org","@graph":[{"@type":"WebPage","@id":"https:\/\/rosadosventos.art.br\/?page_id=11","url":"https:\/\/rosadosventos.art.br\/?page_id=11","name":"Quem Somos - Rosa dos Ventos","isPartOf":{"@id":"https:\/\/rosadosventos.art.br\/#website"},"primaryImageOfPage":{"@id":"https:\/\/rosadosventos.art.br\/?page_id=11#primaryimage"},"image":{"@id":"https:\/\/rosadosventos.art.br\/?page_id=11#primaryimage"},"thumbnailUrl":"https:\/\/rosadosventos.art.br\/wp-content\/uploads\/2021\/02\/artistaderua.jpg","datePublished":"2021-02-14T20:10:13+00:00","dateModified":"2023-03-08T15:45:02+00:00","breadcrumb":{"@id":"https:\/\/rosadosventos.art.br\/?page_id=11#breadcrumb"},"inLanguage":"pt-BR","potentialAction":[{"@type":"ReadAction","target":["https:\/\/rosadosventos.art.br\/?page_id=11"]}]},{"@type":"ImageObject","inLanguage":"pt-BR","@id":"https:\/\/rosadosventos.art.br\/?page_id=11#primaryimage","url":"https:\/\/rosadosventos.art.br\/wp-content\/uploads\/2021\/02\/artistaderua.jpg","contentUrl":"https:\/\/rosadosventos.art.br\/wp-content\/uploads\/2021\/02\/artistaderua.jpg","width":200,"height":200},{"@type":"BreadcrumbList","@id":"https:\/\/rosadosventos.art.br\/?page_id=11#breadcrumb","itemListElement":[{"@type":"ListItem","position":1,"name":"In\u00edcio","item":"https:\/\/rosadosventos.art.br\/"},{"@type":"ListItem","position":2,"name":"Quem Somos"}]},{"@type":"WebSite","@id":"https:\/\/rosadosventos.art.br\/#website","url":"https:\/\/rosadosventos.art.br\/","name":"Rosa dos Ventos","description":"Grupo de Circo e Teatro de Rua","publisher":{"@id":"https:\/\/rosadosventos.art.br\/#organization"},"potentialAction":[{"@type":"SearchAction","target":{"@type":"EntryPoint","urlTemplate":"https:\/\/rosadosventos.art.br\/?s={search_term_string}"},"query-input":{"@type":"PropertyValueSpecification","valueRequired":true,"valueName":"search_term_string"}}],"inLanguage":"pt-BR"},{"@type":"Organization","@id":"https:\/\/rosadosventos.art.br\/#organization","name":"Rosa dos Ventos","url":"https:\/\/rosadosventos.art.br\/","logo":{"@type":"ImageObject","inLanguage":"pt-BR","@id":"https:\/\/rosadosventos.art.br\/#\/schema\/logo\/image\/","url":"https:\/\/rosadosventos.art.br\/wp-content\/uploads\/2021\/02\/rosa-dos-ventos-circo.png","contentUrl":"https:\/\/rosadosventos.art.br\/wp-content\/uploads\/2021\/02\/rosa-dos-ventos-circo.png","width":2256,"height":2290,"caption":"Rosa dos Ventos"},"image":{"@id":"https:\/\/rosadosventos.art.br\/#\/schema\/logo\/image\/"},"sameAs":["https:\/\/www.facebook.com\/gruporosadosventos"]}]}},"jetpack_sharing_enabled":true,"_links":{"self":[{"href":"https:\/\/rosadosventos.art.br\/index.php?rest_route=\/wp\/v2\/pages\/11","targetHints":{"allow":["GET"]}}],"collection":[{"href":"https:\/\/rosadosventos.art.br\/index.php?rest_route=\/wp\/v2\/pages"}],"about":[{"href":"https:\/\/rosadosventos.art.br\/index.php?rest_route=\/wp\/v2\/types\/page"}],"author":[{"embeddable":true,"href":"https:\/\/rosadosventos.art.br\/index.php?rest_route=\/wp\/v2\/users\/1"}],"replies":[{"embeddable":true,"href":"https:\/\/rosadosventos.art.br\/index.php?rest_route=%2Fwp%2Fv2%2Fcomments&post=11"}],"version-history":[{"count":157,"href":"https:\/\/rosadosventos.art.br\/index.php?rest_route=\/wp\/v2\/pages\/11\/revisions"}],"predecessor-version":[{"id":5111,"href":"https:\/\/rosadosventos.art.br\/index.php?rest_route=\/wp\/v2\/pages\/11\/revisions\/5111"}],"wp:attachment":[{"href":"https:\/\/rosadosventos.art.br\/index.php?rest_route=%2Fwp%2Fv2%2Fmedia&parent=11"}],"curies":[{"name":"wp","href":"https:\/\/api.w.org\/{rel}","templated":true}]}}